{"id":126970,"date":"2023-10-27T12:40:13","date_gmt":"2023-10-27T10:40:13","guid":{"rendered":"https:\/\/mc-genuineparts.de\/?post_type=product&#038;p=126970"},"modified":"2024-06-12T17:15:33","modified_gmt":"2024-06-12T15:15:33","slug":"harley-sturzbuegeltasche-mit-flaschenhalter-links-oem-93300061","status":"publish","type":"product","link":"https:\/\/mc-genuineparts.de\/?product=harley-sturzbuegeltasche-mit-flaschenhalter-links-oem-93300061","title":{"rendered":"Harley Sturzb\u00fcgeltasche mit Flaschenhalter Links OEM 93300061"},"content":{"rendered":"<p>Harley Sturzb\u00fcgeltasche mit Flaschenhalter Links OEM 93300061<\/p>\n<p>Diese Original Harley-Davidson Sturzb\u00fcgeltasche inkl. Flaschenhalter f\u00fcr den linken hinteren Sturzb\u00fcgel<\/p>\n<p>ist gebraucht. Eine obere Lasche ist schon etwas eingerissen.<\/p>\n<p>Die Druckkn\u00f6pfe und der Rei\u00dfverschlu\u00df sind noch ok und funktionst\u00fcchtig.<\/p>\n<p>Siehe Fotos.<\/p>\n<p>Die Tasche ist ca. 28 cm lang und ca. 9 cm breit.<\/p>\n","protected":false},"excerpt":{"rendered":"<p>Harley Sturzb\u00fcgeltasche mit Flaschenhalter Links OEM 93300061<\/p>\n","protected":false},"featured_media":126978,"template":"","meta":[],"product_brand":[],"product_cat":[958],"product_tag":[58,122,123,66,67,231],"class_list":{"0":"post-126970","1":"product","2":"type-product","3":"status-publish","6":"product_cat-gepaeck-und-werkzeugrolle","7":"product_tag-dyna","8":"product_tag-fat-boy","9":"product_tag-heritage","10":"product_tag-original-h-d","11":"product_tag-road-king","12":"product_tag-werkzeugrolle","14":"first","15":"instock","16":"purchasable","17":"product-type-simple"},"jetpack_sharing_enabled":true,"_links":{"self":[{"href":"https:\/\/mc-genuineparts.de\/index.php?rest_route=\/wp\/v2\/product\/126970","targetHints":{"allow":["GET"]}}],"collection":[{"href":"https:\/\/mc-genuineparts.de\/index.php?rest_route=\/wp\/v2\/product"}],"about":[{"href":"https:\/\/mc-genuineparts.de\/index.php?rest_route=\/wp\/v2\/types\/product"}],"wp:featuredmedia":[{"embeddable":true,"href":"https:\/\/mc-genuineparts.de\/index.php?rest_route=\/wp\/v2\/media\/126978"}],"wp:attachment":[{"href":"https:\/\/mc-genuineparts.de\/index.php?rest_route=%2Fwp%2Fv2%2Fmedia&parent=126970"}],"wp:term":[{"taxonomy":"product_brand","embeddable":true,"href":"https:\/\/mc-genuineparts.de\/index.php?rest_route=%2Fwp%2Fv2%2Fproduct_brand&post=126970"},{"taxonomy":"product_cat","embeddable":true,"href":"https:\/\/mc-genuineparts.de\/index.php?rest_route=%2Fwp%2Fv2%2Fproduct_cat&post=126970"},{"taxonomy":"product_tag","embeddable":true,"href":"https:\/\/mc-genuineparts.de\/index.php?rest_route=%2Fwp%2Fv2%2Fproduct_tag&post=126970"}],"curies":[{"name":"wp","href":"https:\/\/api.w.org\/{rel}","templated":true}]}}