{"id":149791,"date":"2025-07-29T11:21:27","date_gmt":"2025-07-29T09:21:27","guid":{"rendered":"https:\/\/mc-genuineparts.de\/?post_type=product&#038;p=149791"},"modified":"2026-02-03T10:14:50","modified_gmt":"2026-02-03T09:14:50","slug":"sitzbank-fuer-harley-softail-2000-2006","status":"publish","type":"product","link":"https:\/\/mc-genuineparts.de\/?product=sitzbank-fuer-harley-softail-2000-2006","title":{"rendered":"Harley Sitzbank f\u00fcr Softail 2000 &#8211; 2006"},"content":{"rendered":"<p>Diese Sitzbank aus dem Zubeh\u00f6r ist passend an Harley Softail Modelle ab Baujahr 2000 &#8211; 2006.<\/p>\n<p>Sie ist NICHT passend an H-D Softail Deuce.<\/p>\n<p>Die Sitzbank ist gebraucht. Die Sitzfl\u00e4che und die N\u00e4hte sind ohne Besch\u00e4digungen.<\/p>\n<p>An der Unterseite sind Lagerspuren vorhanden und 2 kleine Risse, siehe Fotos.<\/p>\n<p>Die Fahrersitzfl\u00e4che ist ca. 30 cm breit, die vom Sozius ca. 20cm.<\/p>\n","protected":false},"excerpt":{"rendered":"<p>Harley Sitzbank f\u00fcr Softail 2000 &#8211; 2006<\/p>\n","protected":false},"featured_media":149793,"template":"","meta":[],"product_brand":[],"product_cat":[913,964],"product_tag":[122,65,123,78,242],"class_list":{"0":"post-149791","1":"product","2":"type-product","3":"status-publish","6":"product_cat-softail-twin-cam-2000-2006","7":"product_cat-sitzbank-softail-twin-cam-2000-20006","8":"product_tag-fat-boy","9":"product_tag-harley","10":"product_tag-heritage","11":"product_tag-softail","12":"product_tag-twin-cam","14":"first","15":"instock","16":"purchasable","17":"product-type-simple"},"jetpack_sharing_enabled":true,"_links":{"self":[{"href":"https:\/\/mc-genuineparts.de\/index.php?rest_route=\/wp\/v2\/product\/149791","targetHints":{"allow":["GET"]}}],"collection":[{"href":"https:\/\/mc-genuineparts.de\/index.php?rest_route=\/wp\/v2\/product"}],"about":[{"href":"https:\/\/mc-genuineparts.de\/index.php?rest_route=\/wp\/v2\/types\/product"}],"wp:featuredmedia":[{"embeddable":true,"href":"https:\/\/mc-genuineparts.de\/index.php?rest_route=\/wp\/v2\/media\/149793"}],"wp:attachment":[{"href":"https:\/\/mc-genuineparts.de\/index.php?rest_route=%2Fwp%2Fv2%2Fmedia&parent=149791"}],"wp:term":[{"taxonomy":"product_brand","embeddable":true,"href":"https:\/\/mc-genuineparts.de\/index.php?rest_route=%2Fwp%2Fv2%2Fproduct_brand&post=149791"},{"taxonomy":"product_cat","embeddable":true,"href":"https:\/\/mc-genuineparts.de\/index.php?rest_route=%2Fwp%2Fv2%2Fproduct_cat&post=149791"},{"taxonomy":"product_tag","embeddable":true,"href":"https:\/\/mc-genuineparts.de\/index.php?rest_route=%2Fwp%2Fv2%2Fproduct_tag&post=149791"}],"curies":[{"name":"wp","href":"https:\/\/api.w.org\/{rel}","templated":true}]}}