{"id":150257,"date":"2025-09-15T10:50:34","date_gmt":"2025-09-15T08:50:34","guid":{"rendered":"https:\/\/mc-genuineparts.de\/?post_type=product&#038;p=150257"},"modified":"2025-09-15T10:50:35","modified_gmt":"2025-09-15T08:50:35","slug":"ruecklichtschirm-fuer-serienmaessiges-harley-ruecklicht","status":"publish","type":"product","link":"https:\/\/mc-genuineparts.de\/?product=ruecklichtschirm-fuer-serienmaessiges-harley-ruecklicht","title":{"rendered":"R\u00fccklichtschirm f\u00fcr serienm\u00e4\u00dfiges Harley R\u00fccklicht"},"content":{"rendered":"<p>Dieser R\u00fccklichtschirm in Chrom ist passend an alle serienm\u00e4\u00dfigen Harely-Davidson R\u00fcckleuchten.<\/p>\n<p>Das Bild im montierten Zustand wurde an einem 2008er Fat Boy Heckfender gemacht.<\/p>\n<p>Der Schirm verleiht ihrem Heckfender eine komplett neue Optik.<\/p>\n<p>Es sind leichte Gebrauchsspuren vorhanden, siehe Fotos.<\/p>\n","protected":false},"excerpt":{"rendered":"<p>R\u00fccklichtschirm f\u00fcr serienm\u00e4\u00dfiges Harley R\u00fccklicht<\/p>\n","protected":false},"featured_media":150281,"template":"","meta":[],"product_brand":[],"product_cat":[15],"product_tag":[128,58,122,65,123,78],"class_list":{"0":"post-150257","1":"product","2":"type-product","3":"status-publish","6":"product_cat-unkategorisiert","7":"product_tag-beleuchtung","8":"product_tag-dyna","9":"product_tag-fat-boy","10":"product_tag-harley","11":"product_tag-heritage","12":"product_tag-softail","14":"first","15":"instock","16":"purchasable","17":"product-type-simple"},"jetpack_sharing_enabled":true,"_links":{"self":[{"href":"https:\/\/mc-genuineparts.de\/index.php?rest_route=\/wp\/v2\/product\/150257","targetHints":{"allow":["GET"]}}],"collection":[{"href":"https:\/\/mc-genuineparts.de\/index.php?rest_route=\/wp\/v2\/product"}],"about":[{"href":"https:\/\/mc-genuineparts.de\/index.php?rest_route=\/wp\/v2\/types\/product"}],"wp:featuredmedia":[{"embeddable":true,"href":"https:\/\/mc-genuineparts.de\/index.php?rest_route=\/wp\/v2\/media\/150281"}],"wp:attachment":[{"href":"https:\/\/mc-genuineparts.de\/index.php?rest_route=%2Fwp%2Fv2%2Fmedia&parent=150257"}],"wp:term":[{"taxonomy":"product_brand","embeddable":true,"href":"https:\/\/mc-genuineparts.de\/index.php?rest_route=%2Fwp%2Fv2%2Fproduct_brand&post=150257"},{"taxonomy":"product_cat","embeddable":true,"href":"https:\/\/mc-genuineparts.de\/index.php?rest_route=%2Fwp%2Fv2%2Fproduct_cat&post=150257"},{"taxonomy":"product_tag","embeddable":true,"href":"https:\/\/mc-genuineparts.de\/index.php?rest_route=%2Fwp%2Fv2%2Fproduct_tag&post=150257"}],"curies":[{"name":"wp","href":"https:\/\/api.w.org\/{rel}","templated":true}]}}