{"id":151216,"date":"2025-12-03T11:30:42","date_gmt":"2025-12-03T10:30:42","guid":{"rendered":"https:\/\/mc-genuineparts.de\/?post_type=product&#038;p=151216"},"modified":"2025-12-03T11:33:02","modified_gmt":"2025-12-03T10:33:02","slug":"harley-touring-endtoepfe-oem-64900198-64900199-2007-2017","status":"publish","type":"product","link":"https:\/\/mc-genuineparts.de\/?product=harley-touring-endtoepfe-oem-64900198-64900199-2007-2017","title":{"rendered":"Harley Touring Endt\u00f6pfe (OEM 64900198, 64900199) 2007 &#8211; 2017"},"content":{"rendered":"<p>Diese Original H-D Touring Endt\u00f6pfe ohne E-Pr\u00fcfzeichen (OEM 64900198, 64900199)<\/p>\n<p>sind passend an Touring Modelle ab Baujahr 2007 &#8211; 2017.<\/p>\n<div>\n<div>Leider sind beide Endt\u00f6pfe an den Enden verbeult, was hoffentlich ein bisschen auf den Bildern zu erkennen ist.<\/div>\n<div>Weitere Gebrauchsspuren sind bildlich festgehalten.<\/div>\n<div><\/div>\n<div>Original verbaut wurden die Endt\u00f6pfe u.a. an:<\/div>\n<div>FLHRSE Road King 2013+2014<\/div>\n<div>FLHTCU CVO E-Glide Ultra Classic 2013<\/div>\n<div>FLHTK CVO Limited 2014<\/div>\n<\/div>\n<div><\/div>\n<div>Der H-D Neupreis betrug f\u00fcr einen Endtopf \u20ac 443,-<\/div>\n<div>\n<div>\n<p>&nbsp;<\/p>\n<table class=\"ari-table\" style=\"height: 160px;\" width=\"5\">\n<tbody>\n<tr class=\"ng-star-inserted\">\n<td><\/td>\n<td><\/td>\n<\/tr>\n<tr class=\"ng-star-inserted\">\n<td><\/td>\n<td><\/td>\n<\/tr>\n<tr class=\"ng-star-inserted\">\n<td><\/td>\n<td><\/td>\n<\/tr>\n<tr class=\"ng-star-inserted\">\n<td><\/td>\n<td><\/td>\n<\/tr>\n<tr class=\"ng-star-inserted\">\n<td><\/td>\n<td><\/td>\n<\/tr>\n<tr class=\"ng-star-inserted\">\n<td><\/td>\n<td><\/td>\n<\/tr>\n<tr class=\"ng-star-inserted\">\n<td><\/td>\n<td><\/td>\n<\/tr>\n<tr class=\"ng-star-inserted\">\n<td><\/td>\n<td><\/td>\n<\/tr>\n<tr class=\"ng-star-inserted\">\n<td><\/td>\n<td><\/td>\n<\/tr>\n<tr class=\"ng-star-inserted\">\n<td><\/td>\n<\/tr>\n<\/tbody>\n<\/table>\n<\/div>\n<\/div>\n","protected":false},"excerpt":{"rendered":"<p>Harley Touring Endt\u00f6pfe (OEM64900198, 64900199) 2007 &#8211; 2017<\/p>\n","protected":false},"featured_media":151225,"template":"","meta":[],"product_brand":[],"product_cat":[987,899],"product_tag":[70,66,67,69],"class_list":{"0":"post-151216","1":"product","2":"type-product","3":"status-publish","6":"product_cat-auspuff-h-d-touring-1996-2008","7":"product_cat-h-d-touring","8":"product_tag-e-glide","9":"product_tag-original-h-d","10":"product_tag-road-king","11":"product_tag-touring","13":"first","14":"instock","15":"purchasable","16":"product-type-simple"},"jetpack_sharing_enabled":true,"_links":{"self":[{"href":"https:\/\/mc-genuineparts.de\/index.php?rest_route=\/wp\/v2\/product\/151216","targetHints":{"allow":["GET"]}}],"collection":[{"href":"https:\/\/mc-genuineparts.de\/index.php?rest_route=\/wp\/v2\/product"}],"about":[{"href":"https:\/\/mc-genuineparts.de\/index.php?rest_route=\/wp\/v2\/types\/product"}],"wp:featuredmedia":[{"embeddable":true,"href":"https:\/\/mc-genuineparts.de\/index.php?rest_route=\/wp\/v2\/media\/151225"}],"wp:attachment":[{"href":"https:\/\/mc-genuineparts.de\/index.php?rest_route=%2Fwp%2Fv2%2Fmedia&parent=151216"}],"wp:term":[{"taxonomy":"product_brand","embeddable":true,"href":"https:\/\/mc-genuineparts.de\/index.php?rest_route=%2Fwp%2Fv2%2Fproduct_brand&post=151216"},{"taxonomy":"product_cat","embeddable":true,"href":"https:\/\/mc-genuineparts.de\/index.php?rest_route=%2Fwp%2Fv2%2Fproduct_cat&post=151216"},{"taxonomy":"product_tag","embeddable":true,"href":"https:\/\/mc-genuineparts.de\/index.php?rest_route=%2Fwp%2Fv2%2Fproduct_tag&post=151216"}],"curies":[{"name":"wp","href":"https:\/\/api.w.org\/{rel}","templated":true}]}}