{"id":151227,"date":"2025-12-03T12:16:22","date_gmt":"2025-12-03T11:16:22","guid":{"rendered":"https:\/\/mc-genuineparts.de\/?post_type=product&#038;p=151227"},"modified":"2026-02-03T11:26:33","modified_gmt":"2026-02-03T10:26:33","slug":"sissybar-gepaecktraeger-inkl-grundplatte-fuer-harley-night-rod","status":"publish","type":"product","link":"https:\/\/mc-genuineparts.de\/?product=sissybar-gepaecktraeger-inkl-grundplatte-fuer-harley-night-rod","title":{"rendered":"Harley Night Rod Sissybar + Gep\u00e4cktr\u00e4ger inkl. Grundplatte"},"content":{"rendered":"<p>Diese Sissybar + Gep\u00e4cktr\u00e4ger mit Grundplatte f\u00fcr Harley Night Rod ist gebraucht<\/p>\n<p>und wurde von einer Night Rod Special abgebaut.<\/p>\n<p>Die Sissybar und die Grundplatte sind noch in einem sehr guten Zustand, das Polster an sich ist auch noch gut.<\/p>\n<p>An einer Stelle ist die Naht aufgegangen, siehe Fotos.<\/p>\n<p>Der Gep\u00e4cktr\u00e4ger ist ca. 21 cm lang und ca. 18 cm breit.<\/p>\n<p>Das Polster ist ca. 21 cm lang, ca. 18 cm breit und verj\u00fcngt sich auf ca. 14 cm.<\/p>\n<p>Die Grundplatte hat ein vorderes Lochma\u00df von ca. 18,5 cm und hinten von ca. 10 cm (Mitte Loch zu Mitte Loch)<\/p>\n<p>&nbsp;<\/p>\n<p>&nbsp;<\/p>\n","protected":false},"excerpt":{"rendered":"<p>Sissybar + Gep\u00e4cktr\u00e4ger inkl. Grundplatte f\u00fcr Harley Night Rod<\/p>\n","protected":false},"featured_media":151229,"template":"","meta":[],"product_brand":[],"product_cat":[5619],"product_tag":[65,103,106],"class_list":{"0":"post-151227","1":"product","2":"type-product","3":"status-publish","6":"product_cat-v-rod-night-rod","7":"product_tag-harley","8":"product_tag-night-rod","9":"product_tag-v-rod","11":"first","12":"instock","13":"purchasable","14":"product-type-simple"},"jetpack_sharing_enabled":true,"_links":{"self":[{"href":"https:\/\/mc-genuineparts.de\/index.php?rest_route=\/wp\/v2\/product\/151227","targetHints":{"allow":["GET"]}}],"collection":[{"href":"https:\/\/mc-genuineparts.de\/index.php?rest_route=\/wp\/v2\/product"}],"about":[{"href":"https:\/\/mc-genuineparts.de\/index.php?rest_route=\/wp\/v2\/types\/product"}],"wp:featuredmedia":[{"embeddable":true,"href":"https:\/\/mc-genuineparts.de\/index.php?rest_route=\/wp\/v2\/media\/151229"}],"wp:attachment":[{"href":"https:\/\/mc-genuineparts.de\/index.php?rest_route=%2Fwp%2Fv2%2Fmedia&parent=151227"}],"wp:term":[{"taxonomy":"product_brand","embeddable":true,"href":"https:\/\/mc-genuineparts.de\/index.php?rest_route=%2Fwp%2Fv2%2Fproduct_brand&post=151227"},{"taxonomy":"product_cat","embeddable":true,"href":"https:\/\/mc-genuineparts.de\/index.php?rest_route=%2Fwp%2Fv2%2Fproduct_cat&post=151227"},{"taxonomy":"product_tag","embeddable":true,"href":"https:\/\/mc-genuineparts.de\/index.php?rest_route=%2Fwp%2Fv2%2Fproduct_tag&post=151227"}],"curies":[{"name":"wp","href":"https:\/\/api.w.org\/{rel}","templated":true}]}}