{"id":151736,"date":"2026-01-12T10:40:35","date_gmt":"2026-01-12T09:40:35","guid":{"rendered":"https:\/\/mc-genuineparts.de\/?post_type=product&#038;p=151736"},"modified":"2026-01-12T10:51:18","modified_gmt":"2026-01-12T09:51:18","slug":"universal-gepaecktasche-fuer-harley-honda-und-weitere-cruiser-modelle","status":"publish","type":"product","link":"https:\/\/mc-genuineparts.de\/?product=universal-gepaecktasche-fuer-harley-honda-und-weitere-cruiser-modelle","title":{"rendered":"Gep\u00e4cktasche f\u00fcr Harley, Honda und weitere Cruiser Modelle"},"content":{"rendered":"<p>Diese Gep\u00e4cktasche hat zur Befestigung an z.B. der Sissybar eine universelle Schn\u00fcrung.<\/p>\n<p>Die Tasche ist gebraucht, der Zustand ist ok, siehe Fotos und passt an diverse Cruiser Modelle.<\/p>\n<p>Das innere der Tasche ist ca. 24 cm hoch, mit der geschlossenen Lasche ist die Tasche<\/p>\n<p>insgesamt ca. 26 cm hoch, 17,5 cm breit und ca. 12 cm tief.<\/p>\n<p>&nbsp;<\/p>\n<p>&nbsp;<\/p>\n<p>&nbsp;<\/p>\n","protected":false},"excerpt":{"rendered":"<p>Gep\u00e4cktasche f\u00fcr Harley, Honda und weitere Cruiser Modelle<\/p>\n","protected":false},"featured_media":151738,"template":"","meta":[],"product_brand":[],"product_cat":[958,902,910,905,899],"product_tag":[58,65,78,83,69,232],"class_list":{"0":"post-151736","1":"product","2":"type-product","3":"status-publish","6":"product_cat-gepaeck-und-werkzeugrolle","7":"product_cat-h-d-dyna","8":"product_cat-h-d-softail","9":"product_cat-h-d-sportster","10":"product_cat-h-d-touring","11":"product_tag-dyna","12":"product_tag-harley","13":"product_tag-softail","14":"product_tag-sportster","15":"product_tag-touring","16":"product_tag-werkzeugtasche","18":"first","19":"instock","20":"purchasable","21":"product-type-simple"},"jetpack_sharing_enabled":true,"_links":{"self":[{"href":"https:\/\/mc-genuineparts.de\/index.php?rest_route=\/wp\/v2\/product\/151736","targetHints":{"allow":["GET"]}}],"collection":[{"href":"https:\/\/mc-genuineparts.de\/index.php?rest_route=\/wp\/v2\/product"}],"about":[{"href":"https:\/\/mc-genuineparts.de\/index.php?rest_route=\/wp\/v2\/types\/product"}],"wp:featuredmedia":[{"embeddable":true,"href":"https:\/\/mc-genuineparts.de\/index.php?rest_route=\/wp\/v2\/media\/151738"}],"wp:attachment":[{"href":"https:\/\/mc-genuineparts.de\/index.php?rest_route=%2Fwp%2Fv2%2Fmedia&parent=151736"}],"wp:term":[{"taxonomy":"product_brand","embeddable":true,"href":"https:\/\/mc-genuineparts.de\/index.php?rest_route=%2Fwp%2Fv2%2Fproduct_brand&post=151736"},{"taxonomy":"product_cat","embeddable":true,"href":"https:\/\/mc-genuineparts.de\/index.php?rest_route=%2Fwp%2Fv2%2Fproduct_cat&post=151736"},{"taxonomy":"product_tag","embeddable":true,"href":"https:\/\/mc-genuineparts.de\/index.php?rest_route=%2Fwp%2Fv2%2Fproduct_tag&post=151736"}],"curies":[{"name":"wp","href":"https:\/\/api.w.org\/{rel}","templated":true}]}}