{"id":152092,"date":"2026-02-12T12:24:09","date_gmt":"2026-02-12T11:24:09","guid":{"rendered":"https:\/\/mc-genuineparts.de\/?post_type=product&#038;p=152092"},"modified":"2026-02-12T12:24:09","modified_gmt":"2026-02-12T11:24:09","slug":"harley-dyna-stossdaempfer-oem-54615-01-fxd-1992-2017","status":"publish","type":"product","link":"https:\/\/mc-genuineparts.de\/?product=harley-dyna-stossdaempfer-oem-54615-01-fxd-1992-2017","title":{"rendered":"Harley Dyna Sto\u00dfd\u00e4mpfer (OEM 54615-01) FXD 1992 &#8211; 2017"},"content":{"rendered":"<p>Diese Original H-D Dyna Street Bob Sto\u00dfd\u00e4mpfer (OEM 54615-01) sind passend an alle FXD Modelle ab Baujahr 1992 &#8211; 2017.<\/p>\n<p>Die Sto\u00dfd\u00e4mpfer sind gebraucht, haben aber bis zum Ausbau einwandfrei funktioniert.<\/p>\n<p>Von Augenmitte zu Augenmitte gemessen haben sie eine L\u00e4nge von ca. 30 cm.<\/p>\n<p>Der Neupreis betr\u00e4gt \u20ac 279,-<\/p>\n","protected":false},"excerpt":{"rendered":"<p>Harley Dyna Sto\u00dfd\u00e4mpfer (OEM 54615-01) FXD 1992 &#8211; 2017<\/p>\n","protected":false},"featured_media":152104,"template":"","meta":[],"product_brand":[],"product_cat":[902,932],"product_tag":[58,66,92,115],"class_list":{"0":"post-152092","1":"product","2":"type-product","3":"status-publish","6":"product_cat-h-d-dyna","7":"product_cat-rahmen-und-zubehoer-dyna-2004-2005","8":"product_tag-dyna","9":"product_tag-original-h-d","10":"product_tag-street-bob","11":"product_tag-wide-glide","13":"first","14":"instock","15":"purchasable","16":"product-type-simple"},"jetpack_sharing_enabled":true,"_links":{"self":[{"href":"https:\/\/mc-genuineparts.de\/index.php?rest_route=\/wp\/v2\/product\/152092","targetHints":{"allow":["GET"]}}],"collection":[{"href":"https:\/\/mc-genuineparts.de\/index.php?rest_route=\/wp\/v2\/product"}],"about":[{"href":"https:\/\/mc-genuineparts.de\/index.php?rest_route=\/wp\/v2\/types\/product"}],"wp:featuredmedia":[{"embeddable":true,"href":"https:\/\/mc-genuineparts.de\/index.php?rest_route=\/wp\/v2\/media\/152104"}],"wp:attachment":[{"href":"https:\/\/mc-genuineparts.de\/index.php?rest_route=%2Fwp%2Fv2%2Fmedia&parent=152092"}],"wp:term":[{"taxonomy":"product_brand","embeddable":true,"href":"https:\/\/mc-genuineparts.de\/index.php?rest_route=%2Fwp%2Fv2%2Fproduct_brand&post=152092"},{"taxonomy":"product_cat","embeddable":true,"href":"https:\/\/mc-genuineparts.de\/index.php?rest_route=%2Fwp%2Fv2%2Fproduct_cat&post=152092"},{"taxonomy":"product_tag","embeddable":true,"href":"https:\/\/mc-genuineparts.de\/index.php?rest_route=%2Fwp%2Fv2%2Fproduct_tag&post=152092"}],"curies":[{"name":"wp","href":"https:\/\/api.w.org\/{rel}","templated":true}]}}