{"id":153249,"date":"2026-04-14T12:14:22","date_gmt":"2026-04-14T10:14:22","guid":{"rendered":"https:\/\/mc-genuineparts.de\/?post_type=product&#038;p=153249"},"modified":"2026-04-14T12:15:35","modified_gmt":"2026-04-14T10:15:35","slug":"harley-gepaecktraeger-fuer-rocker-und-breakout-von-br-custom","status":"publish","type":"product","link":"https:\/\/mc-genuineparts.de\/?product=harley-gepaecktraeger-fuer-rocker-und-breakout-von-br-custom","title":{"rendered":"Harley Gep\u00e4cktr\u00e4ger f\u00fcr Rocker und Breakout von BR Custom"},"content":{"rendered":"<p>Dieser abnehmbare Gep\u00e4cktr\u00e4ger von BR Custom ist passend an Harley Breakout und Rocker<\/p>\n<p>ab Baujahr 2008 &#8211; 2017 mit 240\/260er Hinterreifen.<\/p>\n<p>Der Gep\u00e4cktr\u00e4ger eignet sich zur\u00a0 Kombination mit flachen Heckfendern<\/p>\n<p>und ist gebraucht mit Gebrauchsspuren, siehe Fotos.<\/p>\n<p>Es sind Lackabplatzer vorhanden.<\/p>\n<p>Das Innenma\u00df zur Befestigung betr\u00e4gt ca. 37 cm.<\/p>\n<p>Die Gep\u00e4ckfl\u00e4che ist ca. 34,5 cm breit und ca. 17 cm lang.<\/p>\n<p>&nbsp;<\/p>\n<p>&nbsp;<\/p>\n","protected":false},"excerpt":{"rendered":"<p>Harley Gep\u00e4cktr\u00e4ger f\u00fcr Rocker und Breakout von BR Custom<\/p>\n","protected":false},"featured_media":153268,"template":"","meta":[],"product_brand":[],"product_cat":[910,936,4642],"product_tag":[287,196,65,154,98],"class_list":{"0":"post-153249","1":"product","2":"type-product","3":"status-publish","6":"product_cat-h-d-softail","7":"product_cat-custom-teile-fuer-harley","8":"product_cat-mc-genuineparts","9":"product_tag-breakout","10":"product_tag-gepaecktraeger","11":"product_tag-harley","12":"product_tag-heck","13":"product_tag-rocker","15":"first","16":"instock","17":"purchasable","18":"product-type-simple"},"jetpack_sharing_enabled":true,"_links":{"self":[{"href":"https:\/\/mc-genuineparts.de\/index.php?rest_route=\/wp\/v2\/product\/153249","targetHints":{"allow":["GET"]}}],"collection":[{"href":"https:\/\/mc-genuineparts.de\/index.php?rest_route=\/wp\/v2\/product"}],"about":[{"href":"https:\/\/mc-genuineparts.de\/index.php?rest_route=\/wp\/v2\/types\/product"}],"wp:featuredmedia":[{"embeddable":true,"href":"https:\/\/mc-genuineparts.de\/index.php?rest_route=\/wp\/v2\/media\/153268"}],"wp:attachment":[{"href":"https:\/\/mc-genuineparts.de\/index.php?rest_route=%2Fwp%2Fv2%2Fmedia&parent=153249"}],"wp:term":[{"taxonomy":"product_brand","embeddable":true,"href":"https:\/\/mc-genuineparts.de\/index.php?rest_route=%2Fwp%2Fv2%2Fproduct_brand&post=153249"},{"taxonomy":"product_cat","embeddable":true,"href":"https:\/\/mc-genuineparts.de\/index.php?rest_route=%2Fwp%2Fv2%2Fproduct_cat&post=153249"},{"taxonomy":"product_tag","embeddable":true,"href":"https:\/\/mc-genuineparts.de\/index.php?rest_route=%2Fwp%2Fv2%2Fproduct_tag&post=153249"}],"curies":[{"name":"wp","href":"https:\/\/api.w.org\/{rel}","templated":true}]}}