{"id":6425,"date":"2022-01-13T10:56:54","date_gmt":"2022-01-13T09:56:54","guid":{"rendered":"https:\/\/mc-genuineparts.de\/?post_type=product&#038;p=6425"},"modified":"2024-02-29T09:56:22","modified_gmt":"2024-02-29T08:56:22","slug":"kennzeichenhalter-seitl-schwinge-us-groesse","status":"publish","type":"product","link":"https:\/\/mc-genuineparts.de\/?product=kennzeichenhalter-seitl-schwinge-us-groesse","title":{"rendered":"Seitlicher Kennzeichenhalter an Schwinge f\u00fcr Harley US-Gr\u00f6\u00dfe"},"content":{"rendered":"<p>Seitlicher Kennzeichenhalter an Schwinge f\u00fcr Harley US-Gr\u00f6\u00dfe<\/p>\n<p>Seitl. Kennzeichenhalter zur Montage an die Schwinge,<br \/>\npassend f\u00fcr Kennzeichen mit US-Gr\u00f6\u00dfe<br \/>\nZustand siehe Fotos<\/p>\n","protected":false},"excerpt":{"rendered":"<p>Seitlicher Kennzeichenhalter an Schwinge f\u00fcr Harley US-Gr\u00f6\u00dfe<\/p>\n","protected":false},"featured_media":2597,"template":"","meta":[],"product_brand":[],"product_cat":[929,902,910,905,899,917],"product_tag":[58,122,65,154,78,69],"class_list":{"0":"post-6425","1":"product","2":"type-product","3":"status-publish","6":"product_cat-beleuchtung","7":"product_cat-h-d-dyna","8":"product_cat-h-d-softail","9":"product_cat-h-d-sportster","10":"product_cat-h-d-touring","11":"product_cat-v-rod","12":"product_tag-dyna","13":"product_tag-fat-boy","14":"product_tag-harley","15":"product_tag-heck","16":"product_tag-softail","17":"product_tag-touring","19":"first","20":"instock","21":"purchasable","22":"product-type-simple"},"jetpack_sharing_enabled":true,"_links":{"self":[{"href":"https:\/\/mc-genuineparts.de\/index.php?rest_route=\/wp\/v2\/product\/6425","targetHints":{"allow":["GET"]}}],"collection":[{"href":"https:\/\/mc-genuineparts.de\/index.php?rest_route=\/wp\/v2\/product"}],"about":[{"href":"https:\/\/mc-genuineparts.de\/index.php?rest_route=\/wp\/v2\/types\/product"}],"wp:featuredmedia":[{"embeddable":true,"href":"https:\/\/mc-genuineparts.de\/index.php?rest_route=\/wp\/v2\/media\/2597"}],"wp:attachment":[{"href":"https:\/\/mc-genuineparts.de\/index.php?rest_route=%2Fwp%2Fv2%2Fmedia&parent=6425"}],"wp:term":[{"taxonomy":"product_brand","embeddable":true,"href":"https:\/\/mc-genuineparts.de\/index.php?rest_route=%2Fwp%2Fv2%2Fproduct_brand&post=6425"},{"taxonomy":"product_cat","embeddable":true,"href":"https:\/\/mc-genuineparts.de\/index.php?rest_route=%2Fwp%2Fv2%2Fproduct_cat&post=6425"},{"taxonomy":"product_tag","embeddable":true,"href":"https:\/\/mc-genuineparts.de\/index.php?rest_route=%2Fwp%2Fv2%2Fproduct_tag&post=6425"}],"curies":[{"name":"wp","href":"https:\/\/api.w.org\/{rel}","templated":true}]}}