{"id":6491,"date":"2022-01-13T10:57:20","date_gmt":"2022-01-13T09:57:20","guid":{"rendered":"https:\/\/mc-genuineparts.de\/?post_type=product&#038;p=6491"},"modified":"2024-02-09T12:15:09","modified_gmt":"2024-02-09T11:15:09","slug":"dyna-fusion-efi-steuergeraet-fuer-softail-von-2001-bis-2017","status":"publish","type":"product","link":"https:\/\/mc-genuineparts.de\/?product=dyna-fusion-efi-steuergeraet-fuer-softail-von-2001-bis-2017","title":{"rendered":"Dyna Fusion EFI Steuerger\u00e4t f\u00fcr Softail von 2001 bis 2017"},"content":{"rendered":"<p>Dieses Teil ist gebraucht aber voll Funktionsf\u00e4hig.<br \/>\nAusgebaut aus einer 2006er Night Train.<\/p>\n<p>Funktionen f\u00fcr Dynatek Fusion EFI mit Kraftstoff- und Z\u00fcndungsregelung<\/p>\n<p>Erm\u00f6glicht \/- 20 Grad der TIMING-Justage<br \/>\nPassen Zeit pro Zylinder<br \/>\nPassen Zeit pro Getriebe<br \/>\nHeben Sie Ihre Drehzahlbegrenzung (nur bei bestimmten Modellen verf\u00fcgbar)<br \/>\nPassen Sie Zeit auf der Grundlage der Temperatur oder Boost-Eing\u00e4nge)<br \/>\nErbaut in den Start Limiter<br \/>\nGangpositionszeit<br \/>\nAnhebung \/ Nitrous Retard Timing-<br \/>\nPit Lane Limiter.<\/p>\n","protected":false},"excerpt":{"rendered":"<p>Dyna Fusion EFI Steuerger\u00e4t f\u00fcr Softail von 2001 bis 2017<\/p>\n","protected":false},"featured_media":6821,"template":"","meta":[],"product_brand":[],"product_cat":[4642,957,913,911],"product_tag":[65,78,242],"class_list":{"0":"post-6491","1":"product","2":"type-product","3":"status-publish","6":"product_cat-mc-genuineparts","7":"product_cat-motor-und-zubehoer-softail-twin-cam-2000-20006","8":"product_cat-softail-twin-cam-2000-2006","9":"product_cat-softail-twin-cam-2007-2017","10":"product_tag-harley","11":"product_tag-softail","12":"product_tag-twin-cam","14":"first","15":"instock","16":"purchasable","17":"product-type-simple"},"jetpack_sharing_enabled":true,"_links":{"self":[{"href":"https:\/\/mc-genuineparts.de\/index.php?rest_route=\/wp\/v2\/product\/6491","targetHints":{"allow":["GET"]}}],"collection":[{"href":"https:\/\/mc-genuineparts.de\/index.php?rest_route=\/wp\/v2\/product"}],"about":[{"href":"https:\/\/mc-genuineparts.de\/index.php?rest_route=\/wp\/v2\/types\/product"}],"wp:featuredmedia":[{"embeddable":true,"href":"https:\/\/mc-genuineparts.de\/index.php?rest_route=\/wp\/v2\/media\/6821"}],"wp:attachment":[{"href":"https:\/\/mc-genuineparts.de\/index.php?rest_route=%2Fwp%2Fv2%2Fmedia&parent=6491"}],"wp:term":[{"taxonomy":"product_brand","embeddable":true,"href":"https:\/\/mc-genuineparts.de\/index.php?rest_route=%2Fwp%2Fv2%2Fproduct_brand&post=6491"},{"taxonomy":"product_cat","embeddable":true,"href":"https:\/\/mc-genuineparts.de\/index.php?rest_route=%2Fwp%2Fv2%2Fproduct_cat&post=6491"},{"taxonomy":"product_tag","embeddable":true,"href":"https:\/\/mc-genuineparts.de\/index.php?rest_route=%2Fwp%2Fv2%2Fproduct_tag&post=6491"}],"curies":[{"name":"wp","href":"https:\/\/api.w.org\/{rel}","templated":true}]}}