{"id":6550,"date":"2022-01-13T10:57:34","date_gmt":"2022-01-13T09:57:34","guid":{"rendered":"https:\/\/mc-genuineparts.de\/?post_type=product&#038;p=6550"},"modified":"2022-05-16T11:25:15","modified_gmt":"2022-05-16T09:25:15","slug":"harley-original-h-d-bobtail-gepaecktraeger","status":"publish","type":"product","link":"https:\/\/mc-genuineparts.de\/?product=harley-original-h-d-bobtail-gepaecktraeger","title":{"rendered":"Harley Bobtail Gep\u00e4cktr\u00e4ger OEM 56469-93C"},"content":{"rendered":"<p>Harley Bobtail Gep\u00e4cktr\u00e4ger OEM 56469-93C<\/p>\n<p>Der Originale H-D Gep\u00e4cktr\u00e4ger passt an alle Bobtail Heckfender bei Dyna Wide Glide bis 2001<br \/>\nDer Gep\u00e4cktr\u00e4ger ist gebraucht, er hat leichte Kratzer und an den Haltevorrichtungen ist das Material leicht angelaufen (siehe Fotos).<br \/>\nDie Gep\u00e4cktr\u00e4gerfl\u00e4che ist ca.13 cm breit und ca. 27,5 cm lang.<br \/>\nder Abstand zwischen den Haltevorrichtungen betr\u00e4gt ca.17,5 cm.<\/p>\n<p>&nbsp;<\/p>\n","protected":false},"excerpt":{"rendered":"<p>Harley Bobtail Gep\u00e4cktr\u00e4ger OEM 56469-93C<\/p>\n","protected":false},"featured_media":2999,"template":"","meta":[],"product_brand":[],"product_cat":[934,958,902],"product_tag":[58,197,196,65,66],"class_list":{"0":"post-6550","1":"product","2":"type-product","3":"status-publish","6":"product_cat-dyna-bis-2003","7":"product_cat-gepaeck-und-werkzeugrolle","8":"product_cat-h-d-dyna","9":"product_tag-dyna","10":"product_tag-fxdwg","11":"product_tag-gepaecktraeger","12":"product_tag-harley","13":"product_tag-original-h-d","15":"first","16":"instock","17":"purchasable","18":"product-type-simple"},"jetpack_sharing_enabled":true,"_links":{"self":[{"href":"https:\/\/mc-genuineparts.de\/index.php?rest_route=\/wp\/v2\/product\/6550","targetHints":{"allow":["GET"]}}],"collection":[{"href":"https:\/\/mc-genuineparts.de\/index.php?rest_route=\/wp\/v2\/product"}],"about":[{"href":"https:\/\/mc-genuineparts.de\/index.php?rest_route=\/wp\/v2\/types\/product"}],"wp:featuredmedia":[{"embeddable":true,"href":"https:\/\/mc-genuineparts.de\/index.php?rest_route=\/wp\/v2\/media\/2999"}],"wp:attachment":[{"href":"https:\/\/mc-genuineparts.de\/index.php?rest_route=%2Fwp%2Fv2%2Fmedia&parent=6550"}],"wp:term":[{"taxonomy":"product_brand","embeddable":true,"href":"https:\/\/mc-genuineparts.de\/index.php?rest_route=%2Fwp%2Fv2%2Fproduct_brand&post=6550"},{"taxonomy":"product_cat","embeddable":true,"href":"https:\/\/mc-genuineparts.de\/index.php?rest_route=%2Fwp%2Fv2%2Fproduct_cat&post=6550"},{"taxonomy":"product_tag","embeddable":true,"href":"https:\/\/mc-genuineparts.de\/index.php?rest_route=%2Fwp%2Fv2%2Fproduct_tag&post=6550"}],"curies":[{"name":"wp","href":"https:\/\/api.w.org\/{rel}","templated":true}]}}