{"id":6553,"date":"2022-01-13T10:57:34","date_gmt":"2022-01-13T09:57:34","guid":{"rendered":"https:\/\/mc-genuineparts.de\/?post_type=product&#038;p=6553"},"modified":"2024-02-21T12:47:12","modified_gmt":"2024-02-21T11:47:12","slug":"harley-night-rod-stossdaempfer","status":"publish","type":"product","link":"https:\/\/mc-genuineparts.de\/?product=harley-night-rod-stossdaempfer","title":{"rendered":"Sto\u00dfd\u00e4mpfer f\u00fcr Harley V-Rod Night Rod"},"content":{"rendered":"<p>Sto\u00dfd\u00e4mpfer f\u00fcr Harley V-Rod Night Rod <\/p>\n<p>Diese Harley Night Rod Sto\u00dfd\u00e4mpfer sind passend an Night Rod Special Modelle von Bj. 2007 &#8211; 2011.<br \/>\nDie Sto\u00dfd\u00e4mpfer sind gebraucht und haben Gebrauchsspuren, die hoffentlich gut auf den Bildern zu erkennen sind.<\/p>\n","protected":false},"excerpt":{"rendered":"<p>Sto\u00dfd\u00e4mpfer f\u00fcr Harley V-Rod Night Rod <\/p>\n","protected":false},"featured_media":3028,"template":"","meta":[],"product_brand":[],"product_cat":[944,917],"product_tag":[103,66,1022,106],"class_list":{"0":"post-6553","1":"product","2":"type-product","3":"status-publish","6":"product_cat-rahmen-und-zubehoer-v-rod","7":"product_cat-v-rod","8":"product_tag-night-rod","9":"product_tag-original-h-d","10":"product_tag-stossdaempfer","11":"product_tag-v-rod","13":"first","14":"instock","15":"purchasable","16":"product-type-simple"},"jetpack_sharing_enabled":true,"_links":{"self":[{"href":"https:\/\/mc-genuineparts.de\/index.php?rest_route=\/wp\/v2\/product\/6553","targetHints":{"allow":["GET"]}}],"collection":[{"href":"https:\/\/mc-genuineparts.de\/index.php?rest_route=\/wp\/v2\/product"}],"about":[{"href":"https:\/\/mc-genuineparts.de\/index.php?rest_route=\/wp\/v2\/types\/product"}],"wp:featuredmedia":[{"embeddable":true,"href":"https:\/\/mc-genuineparts.de\/index.php?rest_route=\/wp\/v2\/media\/3028"}],"wp:attachment":[{"href":"https:\/\/mc-genuineparts.de\/index.php?rest_route=%2Fwp%2Fv2%2Fmedia&parent=6553"}],"wp:term":[{"taxonomy":"product_brand","embeddable":true,"href":"https:\/\/mc-genuineparts.de\/index.php?rest_route=%2Fwp%2Fv2%2Fproduct_brand&post=6553"},{"taxonomy":"product_cat","embeddable":true,"href":"https:\/\/mc-genuineparts.de\/index.php?rest_route=%2Fwp%2Fv2%2Fproduct_cat&post=6553"},{"taxonomy":"product_tag","embeddable":true,"href":"https:\/\/mc-genuineparts.de\/index.php?rest_route=%2Fwp%2Fv2%2Fproduct_tag&post=6553"}],"curies":[{"name":"wp","href":"https:\/\/api.w.org\/{rel}","templated":true}]}}