{"id":6570,"date":"2022-01-13T10:57:38","date_gmt":"2022-01-13T09:57:38","guid":{"rendered":"https:\/\/mc-genuineparts.de\/?post_type=product&#038;p=6570"},"modified":"2024-03-01T12:26:14","modified_gmt":"2024-03-01T11:26:14","slug":"harley-softail-touring-sturzbuegelfussrasten-highwaypegs-old-school","status":"publish","type":"product","link":"https:\/\/mc-genuineparts.de\/?product=harley-softail-touring-sturzbuegelfussrasten-highwaypegs-old-school","title":{"rendered":"Sturzb\u00fcgelfu\u00dfrasten Highwaypegs Old School f\u00fcr Harley Softail Touring"},"content":{"rendered":"<p>Sturzb\u00fcgelfu\u00dfrasten Highwaypegs Old School f\u00fcr Harley Softail Touring <\/p>\n<p>Old School Highway Pegs mit Gummieinsatz<br \/>\npassend an alle Standard Harley-Sturzb\u00fcgel<br \/>\nDie Fu\u00dfrasten sind gebraucht aber OK<br \/>\nZustand siehe Fotos<\/p>\n","protected":false},"excerpt":{"rendered":"<p>Sturzb\u00fcgelfu\u00dfrasten Highwaypegs Old School f\u00fcr Harley Softail Touring <\/p>\n","protected":false},"featured_media":3171,"template":"","meta":[],"product_brand":[],"product_cat":[970],"product_tag":[217,218,78,83,69],"class_list":{"0":"post-6570","1":"product","2":"type-product","3":"status-publish","6":"product_cat-fussrasten-trittbretter","7":"product_tag-fussrasten","8":"product_tag-highwaypegs","9":"product_tag-softail","10":"product_tag-sportster","11":"product_tag-touring","13":"first","14":"instock","15":"purchasable","16":"product-type-simple"},"jetpack_sharing_enabled":true,"_links":{"self":[{"href":"https:\/\/mc-genuineparts.de\/index.php?rest_route=\/wp\/v2\/product\/6570","targetHints":{"allow":["GET"]}}],"collection":[{"href":"https:\/\/mc-genuineparts.de\/index.php?rest_route=\/wp\/v2\/product"}],"about":[{"href":"https:\/\/mc-genuineparts.de\/index.php?rest_route=\/wp\/v2\/types\/product"}],"wp:featuredmedia":[{"embeddable":true,"href":"https:\/\/mc-genuineparts.de\/index.php?rest_route=\/wp\/v2\/media\/3171"}],"wp:attachment":[{"href":"https:\/\/mc-genuineparts.de\/index.php?rest_route=%2Fwp%2Fv2%2Fmedia&parent=6570"}],"wp:term":[{"taxonomy":"product_brand","embeddable":true,"href":"https:\/\/mc-genuineparts.de\/index.php?rest_route=%2Fwp%2Fv2%2Fproduct_brand&post=6570"},{"taxonomy":"product_cat","embeddable":true,"href":"https:\/\/mc-genuineparts.de\/index.php?rest_route=%2Fwp%2Fv2%2Fproduct_cat&post=6570"},{"taxonomy":"product_tag","embeddable":true,"href":"https:\/\/mc-genuineparts.de\/index.php?rest_route=%2Fwp%2Fv2%2Fproduct_tag&post=6570"}],"curies":[{"name":"wp","href":"https:\/\/api.w.org\/{rel}","templated":true}]}}