{"id":6586,"date":"2022-01-13T10:57:41","date_gmt":"2022-01-13T09:57:41","guid":{"rendered":"https:\/\/mc-genuineparts.de\/?post_type=product&#038;p=6586"},"modified":"2024-03-04T11:06:21","modified_gmt":"2024-03-04T10:06:21","slug":"harley-echtleder-schlosstasche","status":"publish","type":"product","link":"https:\/\/mc-genuineparts.de\/?product=harley-echtleder-schlosstasche","title":{"rendered":"Echtleder Schlo\u00dftasche f\u00fcr z.B. Lenkradschlo\u00df\/Vorh\u00e4ngeschlo\u00df f\u00fcr Harley"},"content":{"rendered":"<p>Echtleder Schlo\u00dftasche f\u00fcr z.B. Lenkradschlo\u00df\/Vorh\u00e4ngeschlo\u00df f\u00fcr Harley <\/p>\n<p>Diese Echtleder-Schlo\u00dftasche ist gebraucht mit Gebrauchsspuren in Form von Kratzern und Rissen im Leder, wie hoffentlich auf den Bildern zu erkennen ist.<br \/>\nMa\u00dfe H ca. 10cm, B ca. 8cm, T ca. 3,5 cm.<\/p>\n","protected":false},"excerpt":{"rendered":"<p>Echtleder Schlo\u00dftasche f\u00fcr z.B. Lenkradschlo\u00df\/Vorh\u00e4ngeschlo\u00df f\u00fcr Harley <\/p>\n","protected":false},"featured_media":3496,"template":"","meta":[],"product_brand":[],"product_cat":[936,958],"product_tag":[58,156,65,83,69],"class_list":{"0":"post-6586","1":"product","2":"type-product","3":"status-publish","6":"product_cat-custom-teile-fuer-harley","7":"product_cat-gepaeck-und-werkzeugrolle","8":"product_tag-dyna","9":"product_tag-evo","10":"product_tag-harley","11":"product_tag-sportster","12":"product_tag-touring","14":"first","15":"instock","16":"purchasable","17":"product-type-simple"},"jetpack_sharing_enabled":true,"_links":{"self":[{"href":"https:\/\/mc-genuineparts.de\/index.php?rest_route=\/wp\/v2\/product\/6586","targetHints":{"allow":["GET"]}}],"collection":[{"href":"https:\/\/mc-genuineparts.de\/index.php?rest_route=\/wp\/v2\/product"}],"about":[{"href":"https:\/\/mc-genuineparts.de\/index.php?rest_route=\/wp\/v2\/types\/product"}],"wp:featuredmedia":[{"embeddable":true,"href":"https:\/\/mc-genuineparts.de\/index.php?rest_route=\/wp\/v2\/media\/3496"}],"wp:attachment":[{"href":"https:\/\/mc-genuineparts.de\/index.php?rest_route=%2Fwp%2Fv2%2Fmedia&parent=6586"}],"wp:term":[{"taxonomy":"product_brand","embeddable":true,"href":"https:\/\/mc-genuineparts.de\/index.php?rest_route=%2Fwp%2Fv2%2Fproduct_brand&post=6586"},{"taxonomy":"product_cat","embeddable":true,"href":"https:\/\/mc-genuineparts.de\/index.php?rest_route=%2Fwp%2Fv2%2Fproduct_cat&post=6586"},{"taxonomy":"product_tag","embeddable":true,"href":"https:\/\/mc-genuineparts.de\/index.php?rest_route=%2Fwp%2Fv2%2Fproduct_tag&post=6586"}],"curies":[{"name":"wp","href":"https:\/\/api.w.org\/{rel}","templated":true}]}}