{"id":6604,"date":"2022-01-13T10:57:46","date_gmt":"2022-01-13T09:57:46","guid":{"rendered":"https:\/\/mc-genuineparts.de\/?post_type=product&#038;p=6604"},"modified":"2024-02-06T10:55:36","modified_gmt":"2024-02-06T09:55:36","slug":"harley-touring-sturzbuegeltasche-hinten-rechts-ledertasche-satteltasche-leder","status":"publish","type":"product","link":"https:\/\/mc-genuineparts.de\/?product=harley-touring-sturzbuegeltasche-hinten-rechts-ledertasche-satteltasche-leder","title":{"rendered":"Sturzb\u00fcgeltasche Touring Sturzb\u00fcgeltasche Hinten Rechts Ledertasche Satteltasche f\u00fcr Harley"},"content":{"rendered":"<p>Harley Sturzb\u00fcgeltasche Touring Sturzb\u00fcgeltasche Hinten Rechts Ledertasche Satteltasche Leder<\/p>\n<p>Ledertasche zur Befestigung am hinteren Sturzb\u00fcgel bei Touring Modellen<br \/>\nExtra Tasche f\u00fcr z.B. Trinkflaschen<br \/>\nDie Tasche ist gebraucht und das sieht man auch (siehe Fotos)<\/p>\n","protected":false},"excerpt":{"rendered":"<p>Harley Sturzb\u00fcgeltasche Touring Sturzb\u00fcgeltasche Hinten Rechts Ledertasche Satteltasche Leder<\/p>\n","protected":false},"featured_media":3649,"template":"","meta":[],"product_brand":[],"product_cat":[958,4642],"product_tag":[58,70,65,67,78,71,247,69],"class_list":{"0":"post-6604","1":"product","2":"type-product","3":"status-publish","6":"product_cat-gepaeck-und-werkzeugrolle","7":"product_cat-mc-genuineparts","8":"product_tag-dyna","9":"product_tag-e-glide","10":"product_tag-harley","11":"product_tag-road-king","12":"product_tag-softail","13":"product_tag-street-glide","14":"product_tag-sturzbuegeltasche","15":"product_tag-touring","17":"first","18":"instock","19":"purchasable","20":"product-type-simple"},"jetpack_sharing_enabled":true,"_links":{"self":[{"href":"https:\/\/mc-genuineparts.de\/index.php?rest_route=\/wp\/v2\/product\/6604","targetHints":{"allow":["GET"]}}],"collection":[{"href":"https:\/\/mc-genuineparts.de\/index.php?rest_route=\/wp\/v2\/product"}],"about":[{"href":"https:\/\/mc-genuineparts.de\/index.php?rest_route=\/wp\/v2\/types\/product"}],"wp:featuredmedia":[{"embeddable":true,"href":"https:\/\/mc-genuineparts.de\/index.php?rest_route=\/wp\/v2\/media\/3649"}],"wp:attachment":[{"href":"https:\/\/mc-genuineparts.de\/index.php?rest_route=%2Fwp%2Fv2%2Fmedia&parent=6604"}],"wp:term":[{"taxonomy":"product_brand","embeddable":true,"href":"https:\/\/mc-genuineparts.de\/index.php?rest_route=%2Fwp%2Fv2%2Fproduct_brand&post=6604"},{"taxonomy":"product_cat","embeddable":true,"href":"https:\/\/mc-genuineparts.de\/index.php?rest_route=%2Fwp%2Fv2%2Fproduct_cat&post=6604"},{"taxonomy":"product_tag","embeddable":true,"href":"https:\/\/mc-genuineparts.de\/index.php?rest_route=%2Fwp%2Fv2%2Fproduct_tag&post=6604"}],"curies":[{"name":"wp","href":"https:\/\/api.w.org\/{rel}","templated":true}]}}