{"id":6606,"date":"2022-01-13T10:57:46","date_gmt":"2022-01-13T09:57:46","guid":{"rendered":"https:\/\/mc-genuineparts.de\/?post_type=product&#038;p=6606"},"modified":"2024-03-04T10:59:32","modified_gmt":"2024-03-04T09:59:32","slug":"harley-original-h-d-sturzbuegel-ledersatteltasche-linke-seite-2","status":"publish","type":"product","link":"https:\/\/mc-genuineparts.de\/?product=harley-original-h-d-sturzbuegel-ledersatteltasche-linke-seite-2","title":{"rendered":"Harley Sturzb\u00fcgel-Ledersatteltasche Touring Road King -Linke Seite- 90955-97 93300063"},"content":{"rendered":"<p>Harley Sturzb\u00fcgel-Ledersatteltasche Touring Road King -Linke Seite- 90955-97 93300063<\/p>\n<p>Diese Originale H-D Sturzb\u00fcgel-Ledertasche ist f\u00fcr die linke Seite und passt an alle Touring Modelle ab Bj.1980 mit Sturzb\u00fcgel Hinten. Die Tasche ist gebraucht, die Ziernaht ist an einer Stelle defekt und die Innentasche bzw. die Befestigungsnaht davon ist leider auch defekt, wie hoffentlich auf den Bildern gut zu erkennen ist.<br \/>\nMa\u00dfe : H ca. 24,5 cm, B ca. 16 cm, T ca. 10 cm<\/p>\n<p>Neupreis bei H-D ca. \u20ac 105,00<\/p>\n","protected":false},"excerpt":{"rendered":"<p>Harley Sturzb\u00fcgel-Ledersatteltasche Touring Road King -Linke Seite- 90955-97 93300063<\/p>\n","protected":false},"featured_media":3664,"template":"","meta":[],"product_brand":[],"product_cat":[958,899,915,900,925],"product_tag":[70,65,66,67,71,69],"class_list":{"0":"post-6606","1":"product","2":"type-product","3":"status-publish","6":"product_cat-gepaeck-und-werkzeugrolle","7":"product_cat-h-d-touring","8":"product_cat-h-d-touring-1996-2007","9":"product_cat-h-d-touring-ab-2009","10":"product_cat-h-d-touring-evo-bis-95","11":"product_tag-e-glide","12":"product_tag-harley","13":"product_tag-original-h-d","14":"product_tag-road-king","15":"product_tag-street-glide","16":"product_tag-touring","18":"first","19":"instock","20":"purchasable","21":"product-type-simple"},"jetpack_sharing_enabled":true,"_links":{"self":[{"href":"https:\/\/mc-genuineparts.de\/index.php?rest_route=\/wp\/v2\/product\/6606","targetHints":{"allow":["GET"]}}],"collection":[{"href":"https:\/\/mc-genuineparts.de\/index.php?rest_route=\/wp\/v2\/product"}],"about":[{"href":"https:\/\/mc-genuineparts.de\/index.php?rest_route=\/wp\/v2\/types\/product"}],"wp:featuredmedia":[{"embeddable":true,"href":"https:\/\/mc-genuineparts.de\/index.php?rest_route=\/wp\/v2\/media\/3664"}],"wp:attachment":[{"href":"https:\/\/mc-genuineparts.de\/index.php?rest_route=%2Fwp%2Fv2%2Fmedia&parent=6606"}],"wp:term":[{"taxonomy":"product_brand","embeddable":true,"href":"https:\/\/mc-genuineparts.de\/index.php?rest_route=%2Fwp%2Fv2%2Fproduct_brand&post=6606"},{"taxonomy":"product_cat","embeddable":true,"href":"https:\/\/mc-genuineparts.de\/index.php?rest_route=%2Fwp%2Fv2%2Fproduct_cat&post=6606"},{"taxonomy":"product_tag","embeddable":true,"href":"https:\/\/mc-genuineparts.de\/index.php?rest_route=%2Fwp%2Fv2%2Fproduct_tag&post=6606"}],"curies":[{"name":"wp","href":"https:\/\/api.w.org\/{rel}","templated":true}]}}